{"id":451,"date":"2020-10-29T22:13:19","date_gmt":"2020-10-29T22:13:19","guid":{"rendered":"http:\/\/web.sectei.cdmx.gob.mx\/diabetes\/?page_id=451"},"modified":"2020-10-30T02:50:30","modified_gmt":"2020-10-30T02:50:30","slug":"enfermedades-cronicas","status":"publish","type":"page","link":"https:\/\/web.sectei.cdmx.gob.mx\/diabetes\/enfermedades-cronicas\/","title":{"rendered":"Enfermedades Cr\u00f3nicas"},"content":{"rendered":"<div id=\"pl-451\"  class=\"panel-layout\" ><div id=\"pg-451-0\"  class=\"panel-grid panel-has-style\" ><div class=\"panel-row-style panel-row-style-for-451-0\" ><div id=\"pgc-451-0-0\"  class=\"panel-grid-cell\" ><div id=\"panel-451-0-0-0\" class=\"widget_text so-panel widget widget_custom_html panel-first-child panel-last-child\" data-index=\"0\" ><div class=\"widget_text panel-widget-style panel-widget-style-for-451-0-0-0\" ><div class=\"textwidget custom-html-widget\"><div class=\"su-row\">\n  <div class=\"su-column su-column-size-1-2\"><div class=\"su-column-inner su-u-clearfix su-u-trim\">\n  <div align=\"center\">\n\t<img class=\"alignnone size-medium wp-image-474\" src=\"http:\/\/web.sectei.cdmx.gob.mx\/diabetes\/wp-content\/uploads\/2020\/10\/imagen.jpg\" alt=\"\" \/>\n\t<\/div>\n  <\/div><\/div>\n  <div class=\"su-column su-column-size-1-2\"><div class=\"su-column-inner su-u-clearfix su-u-trim\">\n <h2>\n\t \u00bfQu\u00e9 son las enfermedades cr\u00f3nicas?\t \n<\/h2>\n<p>\n\tLas enfermedades cr\u00f3nicas no transmisibles son enfermedades de larga duraci\u00f3n y por lo general de progresi\u00f3n lenta. Las enfermedades card\u00edacas, los infartos, el c\u00e1ncer, las\nenfermedades respiratorias y la diabetes, son las principales causas de mortalidad en el mundo, siendo responsables del 63% de las muertes.\n<\/p>\n<p>\n\tAlgunas de las enfermedades cr\u00f3nicas m\u00e1s comunes en M\u00e9xico son: diabetes, hipertensi\u00f3n arterial, c\u00e1ncer de pr\u00f3stata, c\u00e1ncer de mama y c\u00e1ncer de colon. Aqu\u00ed te brindamos m\u00e1s informaci\u00f3n sobre cada una y cu\u00e1les son sus s\u00edntomas.\n<\/p>\n<\/div><\/div>\n<\/div><\/div><\/div><\/div><\/div><\/div><\/div><div id=\"pg-451-1\"  class=\"panel-grid panel-has-style\" ><div class=\"panel-row-style panel-row-style-for-451-1\" ><div id=\"pgc-451-1-0\"  class=\"panel-grid-cell\" ><div id=\"panel-451-1-0-0\" class=\"widget_text so-panel widget widget_custom_html panel-first-child panel-last-child\" data-index=\"1\" ><div class=\"widget_text panel-widget-style panel-widget-style-for-451-1-0-0\" ><div class=\"textwidget custom-html-widget\"><div class=\"wp-block-pb-accordion-item c-accordion__item js-accordion-item\" data-initially-open=\"false\" data-click-to-close=\"true\" data-auto-close=\"true\" data-scroll=\"false\" data-scroll-offset=\"0\">\n    <h2 id=\"at-76840\" class=\"c-accordion__title js-accordion-controller\" tabindex=\"0\" role=\"button\" aria-controls=\"ac-76840\" aria-expanded=\"false\">\n        Diabetes\n    <\/h2>\n    <div id=\"ac-76840\" class=\"c-accordion__content\" style=\"display:none\" aria-hidden=\"true\">\n\t\t\t<br><h3 style=\"color:#00b140\">\n\t\tDescripci\u00f3n\n\t<\/h3>\n        <br><p>Es un conjunto de trastornos metab\u00f3licos, que se presenta cuando el nivel de glucosa en la sangre, tambi\u00e9n conocido como az\u00facar en la sangre supera los 126 mg\/dl en ayunas. La glucosa en la sangre es la principal fuente de energ\u00eda y proviene de los alimentos. La insulina, una hormona que produce el p\u00e1ncreas, ayuda a que la glucosa de los alimentos ingrese en las c\u00e9lulas para usarse como energ\u00eda.<\/p>\n<p>Algunas veces, el cuerpo no produce suficiente o no produce nada de\ninsulina o no la usa adecuadamente y la glucosa se queda en la\nsangre y no llega a las c\u00e9lulas. Aunque la diabetes no tiene cura, la\npersona con diabetes puede tomar medidas para controlar su\nenfermedad y mantenerse sana.<\/p>\n\t\t\t<h3 style=\"color:#00b140\">\n\t\tS\u00edntomas\n\t<\/h3>\n\t\t\t<div class=\"su-row\">\n  <div class=\"su-column su-column-size-1-2\"><div class=\"su-column-inner su-u-clearfix su-u-trim\">\n\t<ul>\n \t<li>Aumento de la sed y de las ganas de orinar<\/li>\n \t<li>Aumento del apetito<\/li>\n \t<li>Fatiga<\/li>\n \t<li>Visi\u00f3n borrosa<\/li>\n<\/ul>\n\n\t<\/div><\/div>\n  <div class=\"su-column su-column-size-1-2\"><div class=\"su-column-inner su-u-clearfix su-u-trim\">\n\t<ul>\n \t<li>Entumecimiento u hormigueo en las manos o los pies<\/li>\n \t<li>\u00dalceras que no cicatrizan<\/li>\n \t<li>P\u00e9rdida de peso sin raz\u00f3n aparente<\/li>\n<\/ul>\t\t\n\t\t\n\t<\/div><\/div>\n<\/div>\n    <\/div>\n<\/div><\/div><\/div><\/div><\/div><\/div><\/div><div id=\"pg-451-2\"  class=\"panel-grid panel-has-style\" ><div class=\"panel-row-style panel-row-style-for-451-2\" ><div id=\"pgc-451-2-0\"  class=\"panel-grid-cell\" ><div id=\"panel-451-2-0-0\" class=\"widget_text so-panel widget widget_custom_html panel-first-child panel-last-child\" data-index=\"2\" ><div class=\"widget_text panel-widget-style panel-widget-style-for-451-2-0-0\" ><div class=\"textwidget custom-html-widget\"><div class=\"wp-block-pb-accordion-item c-accordion__item js-accordion-item\" data-initially-open=\"false\" data-click-to-close=\"true\" data-auto-close=\"true\" data-scroll=\"false\" data-scroll-offset=\"0\">\n    <h2 id=\"at-76841\" class=\"c-accordion__title js-accordion-controller\" tabindex=\"0\" role=\"button\" aria-controls=\"ac-76841\" aria-expanded=\"false\">\n        Hipertensi\u00f3n\n    <\/h2>\n    <div id=\"ac-76841\" class=\"c-accordion__content\" style=\"display:none\" aria-hidden=\"true\">\n\t\t\t<br><h3 style=\"color:#00b140\">\n\t\tDescripci\u00f3n\n\t<\/h3>\n        <br><p>Afecci\u00f3n en la que la presi\u00f3n de la sangre hacia las paredes de la arteria es demasiado alta. Generalmente, la hipertensi\u00f3n se define como la presi\u00f3n arterial por encima de 140\/90 y se considera grave cuando est\u00e1 por encima de 180\/120.<\/p>\n<p>En algunos casos, la presi\u00f3n arterial elevada no presenta s\u00edntomas.<\/p>\n\t\t\t<h3 style=\"color:#00b140\">\n\t\tS\u00edntomas\n\t<\/h3>\n\t\t\t<div class=\"su-row\">\n  <div class=\"su-column su-column-size-1-2\"><div class=\"su-column-inner su-u-clearfix su-u-trim\">\n\t<ul>\n \t<li>Dolor de cabeza fuerte<\/li>\n \t<li>N\u00e1useas o v\u00f3mitos<\/li>\n \t<li>Confusi\u00f3n<\/li>\n \t\n<\/ul>\n\n\t<\/div><\/div>\n  <div class=\"su-column su-column-size-1-2\"><div class=\"su-column-inner su-u-clearfix su-u-trim\">\n\t<ul>\n \t<li>Cambios en la visi\u00f3n<\/li>\n \t<li>Sangrado nasal.<\/li>\n \n<\/ul>\t\t\n\t\t\n\t<\/div><\/div>\n<\/div>\n    <\/div>\n<\/div><\/div><\/div><\/div><\/div><\/div><\/div><div id=\"pg-451-3\"  class=\"panel-grid panel-has-style\" ><div class=\"panel-row-style panel-row-style-for-451-3\" ><div id=\"pgc-451-3-0\"  class=\"panel-grid-cell\" ><div id=\"panel-451-3-0-0\" class=\"widget_text so-panel widget widget_custom_html panel-first-child panel-last-child\" data-index=\"3\" ><div class=\"widget_text panel-widget-style panel-widget-style-for-451-3-0-0\" ><div class=\"textwidget custom-html-widget\"><div class=\"wp-block-pb-accordion-item c-accordion__item js-accordion-item\" data-initially-open=\"false\" data-click-to-close=\"true\" data-auto-close=\"true\" data-scroll=\"false\" data-scroll-offset=\"0\">\n    <h2 id=\"at-76842\" class=\"c-accordion__title js-accordion-controller\" tabindex=\"0\" role=\"button\" aria-controls=\"ac-76842\" aria-expanded=\"false\">\n       C\u00e1ncer de pr\u00f3stata\n    <\/h2>\n    <div id=\"ac-76842\" class=\"c-accordion__content\" style=\"display:none\" aria-hidden=\"true\">\n\t\t\t<br><h3 style=\"color:#00b140\">\n\t\tDescripci\u00f3n\n\t<\/h3>\n        <br><p>Ocurre cuando las c\u00e9lulas de la pr\u00f3stata comienzan a crecer fuera de control. La pr\u00f3stata es una peque\u00f1a gl\u00e1ndula en forma de nuez en los hombres, que se encarga de producir el l\u00edquido seminal que nutre y transporta el esperma.<\/p>\n\n\t\t\t<h3 style=\"color:#00b140\">\n\t\tS\u00edntomas\n\t<\/h3>\n\t\t\t<div class=\"su-row\">\n  <div class=\"su-column su-column-size-1-2\"><div class=\"su-column-inner su-u-clearfix su-u-trim\">\n\t<ul>\n \t<li>Dificultad para comenzar a orinar<\/li>\n \t<li>Flujo de orina d\u00e9bil o interrumpido<\/li>\n \t<li>Micci\u00f3n frecuente, especialmente por la noche<\/li>\n \t\n<\/ul>\n\n\t<\/div><\/div>\n  <div class=\"su-column su-column-size-1-2\"><div class=\"su-column-inner su-u-clearfix su-u-trim\">\n\t<ul>\n \t<li>Dificultad para vaciar la vejiga por completo<\/li>\n \t<li>Dolor o ardor al orinar<\/li>\n\t<li>Sangre en la orina o el semen<\/li>\n \n<\/ul>\t\t\n\t\t\n\t<\/div><\/div>\n<\/div>\n    <\/div>\n<\/div><\/div><\/div><\/div><\/div><\/div><\/div><div id=\"pg-451-4\"  class=\"panel-grid panel-has-style\" ><div class=\"panel-row-style panel-row-style-for-451-4\" ><div id=\"pgc-451-4-0\"  class=\"panel-grid-cell\" ><div id=\"panel-451-4-0-0\" class=\"widget_text so-panel widget widget_custom_html panel-first-child panel-last-child\" data-index=\"4\" ><div class=\"widget_text panel-widget-style panel-widget-style-for-451-4-0-0\" ><div class=\"textwidget custom-html-widget\"><div class=\"wp-block-pb-accordion-item c-accordion__item js-accordion-item\" data-initially-open=\"false\" data-click-to-close=\"true\" data-auto-close=\"true\" data-scroll=\"false\" data-scroll-offset=\"0\">\n    <h2 id=\"at-76843\" class=\"c-accordion__title js-accordion-controller\" tabindex=\"0\" role=\"button\" aria-controls=\"ac-76843\" aria-expanded=\"false\">\n       C\u00e1ncer de mama\n    <\/h2>\n    <div id=\"ac-76843\" class=\"c-accordion__content\" style=\"display:none\" aria-hidden=\"true\">\n\t\t\t<br><h3 style=\"color:#00b140\">\n\t\tDescripci\u00f3n\n\t<\/h3>\n        <br><p>Se manifiesta en un crecimiento anormal de las c\u00e9lulas de las mamas, creando alteraciones. Generalmente tiene su origen en las c\u00e9lulas de los lobulillos, que son las gl\u00e1ndulas productoras de leche, o en los conductos, que son las v\u00edas que transportan la leche desde los lobulillos hasta el pez\u00f3n. Con menos frecuencia, el c\u00e1ncer de mama puede originarse en los tejidos estromales, que incluyen a los tejidos conjuntivos grasos y fibrosos de la mama.<\/p>\n\n\t\t\t<h3 style=\"color:#00b140\">\n\t\tS\u00edntomas\n\t<\/h3>\n\t\t\t<div class=\"su-row\">\n  <div class=\"su-column su-column-size-1-2\"><div class=\"su-column-inner su-u-clearfix su-u-trim\">\n\t<ul>\n \t<li>Un bulto nuevo en la mama o la axila (debajo del brazo)<\/li>\n \t<li>Aumento del grosor o hinchaz\u00f3n de una parte de la mama<\/li>\n \t<li>Irritaci\u00f3n o hundimientos en la piel de la mama<\/li>\n \t<li>Enrojecimiento o descamaci\u00f3n en la zona del pez\u00f3n o la mama<\/li>\n<\/ul>\n\n\t<\/div><\/div>\n  <div class=\"su-column su-column-size-1-2\"><div class=\"su-column-inner su-u-clearfix su-u-trim\">\n\t<ul>\n \t<li>Hundimiento del pez\u00f3n o dolor en esa zona<\/li>\n \t<li>Secreci\u00f3n del pez\u00f3n, que no sea leche, incluso de sangre<\/li>\n\t<li>Cualquier cambio en el tama\u00f1o o la forma de la mama<\/li>\n\t<li>Dolor en cualquier parte de la mama<\/li>\n \n<\/ul>\t\t\n\t\t\n\t<\/div><\/div>\n<\/div>\n    <\/div>\n<\/div><\/div><\/div><\/div><\/div><\/div><\/div><div id=\"pg-451-5\"  class=\"panel-grid panel-has-style\" ><div class=\"panel-row-style panel-row-style-for-451-5\" ><div id=\"pgc-451-5-0\"  class=\"panel-grid-cell\" ><div id=\"panel-451-5-0-0\" class=\"widget_text so-panel widget widget_custom_html panel-first-child panel-last-child\" data-index=\"5\" ><div class=\"widget_text panel-widget-style panel-widget-style-for-451-5-0-0\" ><div class=\"textwidget custom-html-widget\"><div class=\"wp-block-pb-accordion-item c-accordion__item js-accordion-item\" data-initially-open=\"false\" data-click-to-close=\"true\" data-auto-close=\"true\" data-scroll=\"false\" data-scroll-offset=\"0\">\n    <h2 id=\"at-76844\" class=\"c-accordion__title js-accordion-controller\" tabindex=\"0\" role=\"button\" aria-controls=\"ac-76844\" aria-expanded=\"false\">\n       C\u00e1ncer de colon\n    <\/h2>\n    <div id=\"ac-76844\" class=\"c-accordion__content\" style=\"display:none\" aria-hidden=\"true\">\n\t\t\t<br><h3 style=\"color:#00b140\">\n\t\tDescripci\u00f3n\n\t<\/h3>\n        <br><p>Ocurre cuando las c\u00e9lulas del colon, que es la parte final del tubo digestivo, empiezan a crecer y multiplicarse sin control. Por lo general, este tipo de c\u00e1ncer inicia como grupos peque\u00f1os y no cancerosos (benignos) de c\u00e9lulas llamados p\u00f3lipos que se forman en el interior del colon. Con el tiempo, algunos de estos p\u00f3lipos pueden convertirse en c\u00e1ncer de colon.<\/p>\n\n\t\t\t<h3 style=\"color:#00b140\">\n\t\tS\u00edntomas\n\t<\/h3>\n\t\t\t<div class=\"su-row\">\n  <div class=\"su-column su-column-size-1-2\"><div class=\"su-column-inner su-u-clearfix su-u-trim\">\n\t<ul>\n \t<li>Un cambio persistente en tus h\u00e1bitos intestinales,\nincluidos diarrea o estre\u00f1imiento, o un cambio en la\nconsistencia de tus heces<\/li>\n \t<li>Sangrado rectal o sangre en las heces<\/li>\n \t<li>Molestia abdominal persistente, como calambres, gases o dolor<\/li>\n \t\n<\/ul>\n\n\t<\/div><\/div>\n  <div class=\"su-column su-column-size-1-2\"><div class=\"su-column-inner su-u-clearfix su-u-trim\">\n\t<ul>\n \t<li>Una sensaci\u00f3n de que el intestino no se vac\u00eda por completo<\/li>\n \t<li>Debilidad o fatiga<\/li>\n\t<li>P\u00e9rdida de peso sin causa aparente<\/li>\n\t\n \n<\/ul>\t\t\n\t\t\n\t<\/div><\/div>\n<\/div>\n    <\/div>\n<\/div><\/div><\/div><\/div><\/div><\/div><\/div><\/div>","protected":false},"excerpt":{"rendered":"<p>\u00bfQu\u00e9 son las enfermedades cr\u00f3nicas? Las enfermedades cr\u00f3nicas no transmisibles son enfermedades de larga duraci\u00f3n y por lo general de [&hellip;]<\/p>\n","protected":false},"author":1,"featured_media":0,"parent":0,"menu_order":0,"comment_status":"closed","ping_status":"closed","template":"","meta":[],"_links":{"self":[{"href":"https:\/\/web.sectei.cdmx.gob.mx\/diabetes\/wp-json\/wp\/v2\/pages\/451"}],"collection":[{"href":"https:\/\/web.sectei.cdmx.gob.mx\/diabetes\/wp-json\/wp\/v2\/pages"}],"about":[{"href":"https:\/\/web.sectei.cdmx.gob.mx\/diabetes\/wp-json\/wp\/v2\/types\/page"}],"author":[{"embeddable":true,"href":"https:\/\/web.sectei.cdmx.gob.mx\/diabetes\/wp-json\/wp\/v2\/users\/1"}],"replies":[{"embeddable":true,"href":"https:\/\/web.sectei.cdmx.gob.mx\/diabetes\/wp-json\/wp\/v2\/comments?post=451"}],"version-history":[{"count":63,"href":"https:\/\/web.sectei.cdmx.gob.mx\/diabetes\/wp-json\/wp\/v2\/pages\/451\/revisions"}],"predecessor-version":[{"id":614,"href":"https:\/\/web.sectei.cdmx.gob.mx\/diabetes\/wp-json\/wp\/v2\/pages\/451\/revisions\/614"}],"wp:attachment":[{"href":"https:\/\/web.sectei.cdmx.gob.mx\/diabetes\/wp-json\/wp\/v2\/media?parent=451"}],"curies":[{"name":"wp","href":"https:\/\/api.w.org\/{rel}","templated":true}]}}