{"id":9,"date":"2020-04-15T00:55:40","date_gmt":"2020-04-15T00:55:40","guid":{"rendered":"https:\/\/repositoriosectei.wordpress.com\/?page_id=9"},"modified":"2020-04-15T00:55:40","modified_gmt":"2020-04-15T00:55:40","slug":"about","status":"publish","type":"page","link":"https:\/\/web.sectei.cdmx.gob.mx\/raspberry\/?page_id=9","title":{"rendered":"Acerca de"},"content":{"rendered":"<div class=\"wp-block-group alignfull\"><div class=\"wp-block-group__inner-container\"><div class=\"wp-block-jetpack-layout-grid alignfull column1-desktop-grid__span-3 column1-desktop-grid__start-2 column1-desktop-grid__row-1 column2-desktop-grid__span-6 column2-desktop-grid__start-6 column2-desktop-grid__row-1 column1-tablet-grid__span-3 column1-tablet-grid__row-1 column2-tablet-grid__span-5 column2-tablet-grid__start-4 column2-tablet-grid__row-1 column1-mobile-grid__span-4 column1-mobile-grid__row-1 column2-mobile-grid__span-4 column2-mobile-grid__row-2\"><div class=\"wp-block-jetpack-layout-grid-column wp-block-jetpack-layout-grid__padding-none\"><figure class=\"wp-block-image size-full is-style-circle-mask\"><\/figure><\/div><!-- \/wp:jetpack\/layout-grid-column -->\n\n<!-- wp:jetpack\/layout-grid-column --><div class=\"wp-block-jetpack-layout-grid-column wp-block-jetpack-layout-grid__padding-none\"><!-- wp:heading --><p>&nbsp;<\/p><p>Este material forma parte de una iniciativa que pretende generar en ni\u00f1os y j\u00f3venes, de una manera l\u00fadica, el gusto por la programaci\u00f3n y el desarrollo de tecnolog\u00eda con base en herramientas abiertas y de bajo costo. Estamos convencidos de que esta estrategia les brindar\u00e1, como agradable efecto secundario, una estructura de pensamiento l\u00f3gico que les preparar\u00e1 para desarrollarse en el campo de las ciencias, la matem\u00e1tica y la ingenier\u00eda.<\/p><p>El equipo de desarroll\u00f3 de esta iniciativa est\u00e1 dirigido por el Dr<strong>. Juan Luis D\u00edaz de Le\u00f3n Santiago<\/strong>, quien cuenta con una amplia trayectoria acad\u00e9mica, cient\u00edfica y profesional: Galardonado con el \u201cPremio Nacional de Investigaci\u00f3n y Desarrollo Tecnol\u00f3gico de Excelencia \u2018Luis Enrique Erro\u2019\u201d en 1997. Autor de varios libros y cap\u00edtulos de libro y de m\u00e1s de 100 art\u00edculos cient\u00edficos publicados en \u00e1reas como: Rob\u00f3tica, Inteligencia Artificial y Reconocimiento de Patrones, entre otras. Es pionero en M\u00e9xico del \u00e1rea de \u201cMorfolog\u00eda Matem\u00e1tica\u201d y creador, junto con <strong>Gerhard X Ritter<\/strong> y <strong>Peter Sussner<\/strong>,\u00a0 de las \u201cMemorias Asociativas Morfol\u00f3gicas\u201d y las \u201cRedes Neuronales Morfol\u00f3gicas\u201d. Ha sido investigador invitado en universidades de varias partes del mundo y, en M\u00e9xico, ha tenido diversos cargos de responsabilidad en \u00e1reas cient\u00edficas, tecnol\u00f3gicas y de seguridad p\u00fablica. Actualmente es Director General de Ciencia, Divulgaci\u00f3n y Trasferencia de Conocimiento en la Secretar\u00eda de Educaci\u00f3n, Ciencia, Tecnolog\u00eda e Innovaci\u00f3n de la Ciudad de M\u00e9xico.<\/p><p><strong>Dami\u00e1n Real<\/strong> y <strong>Diego Garc\u00eda<\/strong> colaboran estrechamente en la elaboraci\u00f3n de estos materiales y participan activamente en las capacitaciones para tutores que implementar\u00e1n este programa en escuelas de la Ciudad de M\u00e9xico.<\/p><!-- \/wp:heading -->\n\n<!-- wp:paragraph --><p>&nbsp;<\/p><!-- \/wp:paragraph --><\/div><!-- \/wp:jetpack\/layout-grid-column --><\/div><!-- \/wp:jetpack\/layout-grid --><\/div><\/div><!-- \/wp:group -->","protected":false},"excerpt":{"rendered":"<p>&nbsp;Este material forma parte de una iniciativa que pretende generar en ni\u00f1os y j\u00f3venes, de una manera l\u00fadica, el gusto por la programaci\u00f3n y el desarrollo de tecnolog\u00eda con base en herramientas abiertas y de bajo costo. Estamos convencidos de que esta estrategia les brindar\u00e1, como agradable efecto secundario, una estructura de pensamiento l\u00f3gico que [&hellip;]<\/p>\n","protected":false},"author":1,"featured_media":0,"parent":0,"menu_order":0,"comment_status":"closed","ping_status":"closed","template":"","meta":[],"_links":{"self":[{"href":"https:\/\/web.sectei.cdmx.gob.mx\/raspberry\/index.php?rest_route=\/wp\/v2\/pages\/9"}],"collection":[{"href":"https:\/\/web.sectei.cdmx.gob.mx\/raspberry\/index.php?rest_route=\/wp\/v2\/pages"}],"about":[{"href":"https:\/\/web.sectei.cdmx.gob.mx\/raspberry\/index.php?rest_route=\/wp\/v2\/types\/page"}],"author":[{"embeddable":true,"href":"https:\/\/web.sectei.cdmx.gob.mx\/raspberry\/index.php?rest_route=\/wp\/v2\/users\/1"}],"replies":[{"embeddable":true,"href":"https:\/\/web.sectei.cdmx.gob.mx\/raspberry\/index.php?rest_route=%2Fwp%2Fv2%2Fcomments&post=9"}],"version-history":[{"count":0,"href":"https:\/\/web.sectei.cdmx.gob.mx\/raspberry\/index.php?rest_route=\/wp\/v2\/pages\/9\/revisions"}],"wp:attachment":[{"href":"https:\/\/web.sectei.cdmx.gob.mx\/raspberry\/index.php?rest_route=%2Fwp%2Fv2%2Fmedia&parent=9"}],"curies":[{"name":"wp","href":"https:\/\/api.w.org\/{rel}","templated":true}]}}